-3 - -6) + (-7 - 4) + 5.
-3
What is the value of -6 + 11 + (-5 - 4 - -5)?
1
What is the value of -5 - -8 - 1 - -5?
7
7 - (-8 - -12) - 3
0
(-7 - -5) + 8 + -6
0
-1 + 3 + (27 - 29) + 4
4
What is the value of (8 - 13 - -6) + (-1 - 1)?
-1
Calculate -4 + (0 - -3) + -5 + 11.
5
What is the value of 2 + -2 - (7 + -4)?
-3
Calculate (1 - 5) + 8 + -9.
-5
Calculate -5 + (7 - 6) + 6 + -2.
0
What is (1 - 1) + 1 + -5?
-4
-3 + -4 + 10 + -4
-1
What is 6 - (3 + 1 + 1)?
1
What is the value of (-47 - -45) + (0 - -1)?
-1
What is the value of 0 - (-1 - 2 - (-18 - -17))?
2
Calculate (-10 - (-3 - 4)) + -10 + 21.
8
What is -1 + (4 - (2 + 1))?
0
(2 - 2) + -6 + 6
0
Calculate -1 + (4 - -2 - (3 - 2)).
4
Evaluate 7 + -11 + (2 - -4).
2
Calculate -2 - ((5 - 2) + -5).
0
Calculate -25 + 32 - (4 + -1) - -4.
8
(-1 - (-4 + -3 + 1)) + -9
-4
-7 + 1 + (-2 - -15)
7
What is 5 - (0 + (4 - -1))?
0
What is -2 + -4 + 7 + 4 + -4?
1
What is 0 + (-1 - ((4 - 9) + 3))?
1
Evaluate 2 + 6 + (-5 - 4).
-1
What is 0 + -2 + 1 + 4?
3
What is the value of -3 + 0 + (2 - -1)?
0
Evaluate -2 - (0 + 2 + -3).
-1
0 + -11 + 3 + 3
-5
Evaluate -3 - ((3 - (12 - 1)) + 0).
5
What is the value of (-3 - (1 + 2)) + (1 - 0)?
-5
Calculate 119 + -106 - (7 - 1).
7
What is 2 - (2 - (3 + 0))?
3
What is the value of -2 + -4 - -6 - 4?
-4
Calculate -5 + 8 + (2 + 0 - 3).
2
Evaluate 1 - (-2 + 1) - (-15 + 13).
4
What is the value of (-6 - (-11 + 6)) + -4?
-5
Calculate -3 - (9 - (-2 - -4) - 3).
-7
What is 0 + 0 - (-10 - (-20 - -13))?
3
Calculate -2 - (-1 + 2 + -6).
3
What is the value of 0 - (-2 + -1) - 1?
2
Evaluate -1 - (-2 - -2) - 5 - -8.
2
What is the value of -66 + 73 - (12 + 0)?
-5
What is the value of 0 - (0 + 4) - 1?
-5
What is the value of (3 - -2) + 6 + -9?
2
Evaluate 0 + 1 + -4 + -1.
-4
Evaluate -2 + 1 + 3 + -5.
-3
Calculate (2 - 1) + -1 - (99 + -92).
-7
What is the value of (-7 - -12) + -7 + 4?
2
What is -12 + -2 - -21 - 1?
6
Calculate -3 + (-8 - -4 - -9).
2
Calculate -1 - (-2 - 0) - (2 + -2).
1
Calculate -1 + 2 + (-3 - -6).
4
(-1 - -2) + -8 + 5
-2
Calculate (-2 + 10 - (21 + -17)) + 2.
6
Evaluate 1 + 1 + -2 + (-6 - -3).
-3
15 + -6 - (10 + 5)
-6
0 + -5 + 1 + 8 + -7
-3
3 - (-5 + (3 - 5))
10
What is the value of 1 - (1 + 3 + 33 + -37)?
1
What is (1 - 0) + (-25 - -19)?
-5
What is the value of (-1 - (-7 + 6 + 3)) + 0?
-3
-2 + (7 - (1 - 5 - -4))
5
What is the value of 6 - 11 - (2 + -3)?
-4
What is (4 - 5) + (4 - 2)?
1
What is (-13 - (0 + -11)) + 12?
10
Evaluate (-8 - -2) + -4 + 13.
3
Evaluate 4 + (-41 - -26 - (1 - 5)).
-7
Calculate (-9 - -10) + -8 - (-12 - 1).
6
Evaluate 12 + -8 - (8 + 0).
-4
What is the value of (2 - (10 - (0 - -3))) + 3?
-2
Calculate 3 - (5 - (-5 - -4)).
-3
0 + 3 - (-4 + (15 - 3))
-5
Evaluate -1 - (0 - (-4 - -3 - 0)).
-2
Calculate -5 - (4 - (-2 - -7)).
-4
What is -11 - -5 - (5 + -6 - -1)?
-6
What is (-3 + 10 - 0) + -12?
-5
Evaluate -6 + (9 - 22) + 11.
-8
(-2 - (-1 - 8)) + -9
-2
What is (1 + 3 - 2) + (-4 - -5)?
3
Calculate -1 - (3 - (-5 - -7)).
-2
What is the value of -2 - 1 - -1 - -5?
3
What is (1 - 1 - -2) + 1 + -8?
-5
What is the value of -4 + 22 + -8 - 8?
2
Calculate (-8 - -6) + (-1 - -2) + 0.
-1
What is the value of -6 + 1 + 4 + -6?
-7
2 - -6 - (-16 - (16 - 49))
-9
What is -8 - (-6 + 9 - 9)?
-2
What is 7 - (0 + -6 - -11)?
2
Calculate 2 - (-4 - -7 - (2 + 0)).
1
Calculate -5 + (-2 - (-5 + -2 + 4)).
-4
Evaluate (7 - (3 - 1)) + (-3 - -3).
5
Evaluate -4 + (-6 - -9) - -3.
2
What is (4 - ((-6 - -2) + 4)) + -1?
3
What is (0 + 7 - 2) + -6 - 6?
-7
5 - (2 + (3 - -1 - 6))
5
What is the value of -22 + 10 + 7 - (0 - 2)?
-3
What is -2 - (8 + -11 - -4)?
-3
Calculate (-3 - (-4 - -4)) + 7.
4
Evaluate -1 + (4 + 0 - 8).
-5
What is the value of (7 + -3 - 8) + 0?
-4
What is (2 + -4 - -3) + -1 + 3?
3
Calculate (-1 - 4) + (0 - 0 - 0).
-5
Calculate 2 + (-5 - -3) + -2.
-2
-4 - (2 + 2 - 7) - -1
0
Evaluate 0 - 0 - (-1 + -1 + -1).
3
-4 + (5 - 3) - -6
4
What is the value of -1 - 3 - (-12 - -3)?
5
-2 - (-5 + (1 - 4) - -5)
1
Evaluate 0 + 1 + (-2 - -4) + -4.
-1
Evaluate -28 + 8 - (-4 - 8).
-8
What is 4 - (1 + 1 - (10 - 7))?
5
Calculate 44 + -33 - (1 - 0).
10
What is the value of (-2 - 4) + (-10 - -8)?
-8
Evaluate 8 - -2 - (-67 - -73).
4
What is -35 - -29 - (-3 + 2) - -12?
7
3 - (-5 + 0 + 23 + -12)
-3
Calculate -5 + 3 + (8 - 10).
-4
What is the value of (-1 - -3) + (-2 - 1)?
-1
Calculate (4 - (11 + -5)) + -3 + -1.
-6
-12 + 7 + 4 + (3 - 9)
-7
What is -13 + 3 + 53 + -46?
-3
Evaluate 3 + -11 + 3 + -5 + 5.
-5
4 + (1 - 7) + 0
-2
Calculate -1 - (-1 + (-1 - -2)).
-1
What is 0 + (-10 + 4 - -3)?
-3
What is 3 + -19 + -9 + 19?
-6
What is 2 + (4 - 4 - 1)?
1
What is -6 - (2 + -1 - 5) - 0?
-2
What is the value of -7 - (-5 + 1 + -2)?
-1
What is 12 - (13 + (7 - 6 - 7))?
5
What is (4 - 2) + (-4 - -6)?
4
Calculate 2 + (-16 - -9 - (-6 - -1)).
0
-3 + (-8 - (1 - 10))
-2
Evaluate (-25 - -26 - (3 - -1)) + -2.
-5
Calculate -14 + 23 - 5 - 5.
-1
Calculate -4 - ((1 - 4) + -2).
1
Calculate (-1 - -2) + 1 + -1.
1
Evaluate (1 + (3 - 2) - -2) + 4.
8
Evaluate 3 + (-9 - (-3 - 0)).
-3
What is 1 + 6 - (122 + -115)?
0
Evaluate (-10 - -10 - (7 + -3)) + 1.
-3
What is 5 + -10 + 2 + -16 + 21?
2
Evaluate (12 - 12) + 1 + 0 + 3.
4
Calculate 8 - (3 - 0) - 10.
-5
What is the value of (5 - 1) + 1 + -11?
-6
What is (1 - 2) + -2 - (3 - 4)?
-2
What is 3 + -3 + (-1 - -3) + 3?
5
(-1 - 2) + -7 - -6 - 6
-10
Evaluate 2 - 3 - (0 + -1) - -1.
1
Evaluate 11 - 5 - 3 - 9.
-6
What is (38 - 46) + (0 - -4)?
-4
What is the value of (-55 - -52) + (4 - -1)?
2
Evaluate (-9 - -6) + -1 - -2.
-2
2 - (1 - 2) - (13 + -8)
-2
What is the value of (6 - 1) + -7 + 2?
0
What is the value of (7 - 0) + (2 - (11 + -2))?
0
What is (-2 - (-11 - -1)) + -3 + -5?
0
What is the value of (-3 - 0) + (4 + -11 - -5)?
-5
(-62 - -50) + (6 - 1)
-7
What is the value of -2 + 3 + (3 + 1 - 2)?
3
What is 2 - (7 - 9 - -8)?
-4
What is the value of -2 + -1 + (32 - 30)?
-1
What is (140 - 142) + 0 + 0 + 1?
-1
Calculate 0 - -8 - (5 - (-1 + 6)).
8
9 + 3 + -9 + 5
8
Calculate 2 + (2 - -2) - 4.
2
What is the value of 7 - (8 + -10 - (-4 + 0))?
5
Calculate 4 - (11 - (3 - 1 - -3)).
-2
What is (-3 - -4) + (6 - 4) + -2?
1
Evaluate 0 - (1 + 3 + -6).
2
Calculate (2 - (8 - 3)) + (6 - 6).
-3
Calculate (-8 - -4) + -2 + 2.
-4
8 + (-3 - (-7 + 5 + 1))
6
Evaluate 1 + 4 + (-19 - -15).
1
What is (1 - 2) + (3 - 1) + 3?
4
Evaluate 1 + 0 + -18 + 17 + 3.
3
What is the value of (1 - (2 - 4)) + 0?
3
Calculate -15 - (-8 - -3) - (1 + -7).
-4
(0 - -1) + (-3 - (4 + -3))
-3
Evaluate 5 + -9 + 1 + -2.
-5
What is the value of 5 - -1 - (63 - 60)?
3
Calculate (6 - 0) + 0 + (-1 - 8).
-3
What is -18 + 15 - -11 - (1 - -3)?
4
Evaluate 7 + -10 + 8 + -3.
2
Calculate (-7 - ((1 - 6) + -1)) + 0.
-1
Calculate -2 + 3 + 6 - 2.
5
Calculate -5 + (1 - -1) + -1.
-4
What is 1 + -4 + -1 + -1?
-5
Calculate -1 - (16 + 2 - (-2 + 10)).
-11
What is the value of (-1 - 2) + -1 - (-9 - -1)?
4
What is 3 + 0 - 0 - 3?
0
Evaluate -1 - (3 + (6 - 5)).
-5
Calculate (-3 - -6) + -3 + 4.
4
What is 5 - (6 - 10) - 16?
-7
What is -15 + 5 - (-7 + -4)?
1
-30 + 26 - (-1 + 0)
-3
What is the value of 6 - ((3 - 7) + 12 - 5)?
3
Evaluate -1 + -4 - (25 + -35).
5
What is the value of -13 + 15 + (0 - -1) + -3?
0
What is the value of 5 + (-3 - (2 + (3 - 2)))?
-1
(-52 - -57) + (2 - (2 + -4))
9
What is the value of -1 + -3 - (123 + -134)?
7
What is the value of 1 + -4 - -7 - 7?
-3
Calculate 17 - (2 - 0 - -11).
4
3 - (3 - 6) - 3
3
What is (-8 - (-17 - -1)) + 0?
8
-7 + (16 + 7 - 10)
6
What is the value of -1 - (-11 + 4) - 6?
0
Evaluate -1 - 3 - (-3 - (8 - 5)).
2
Calculate -8 - (-7 + 2) - (-1 - -2).
-4
Calculate 8 + -1 - (-12 + 15).
4
What is -5 + 4 + -5 + 2?
-4
(0 - 17 - -5) + 6 - 1
-7
Evaluate -9 + (-7 - -18 - -3).
5
What is the value of (-3 - (-2 + -4)) + 2?
5
Calculate 4 + (-13 - -15) + -12.
-6
Calculate 2 + (3 - -1 - -3 - 4).
5
What is the value of 0 + (-7 - -6 - 1) + 2?
0
Calculate 3 + -1 - (-12 + 18).
-4
Evaluate 4 + -16 + 3 + 13.
4
Evaluate -2 - (2 + 4 - 14).
6
Evaluate (-1 - 2) + -2 + 1 + 1.
-3
Evaluate 8 - (-4 - (2 - 10) - -1).
3
(-4 - -3) + (-4 - 0) + 0
-5
-6 - (4 + -8 + -1) - -1
0
Calculate -2 - -5 - (-4 - -4 - 0).
3
What is the value of -6 + 1 + -15 + 18?
-2
Calculate (1 - 4) + -3 + 1 + -2.
-7
Evaluate -2 + (1 - 1 - 0) + 5.
3
3 + (2 - (3 - -3))
-1
What is the value of (2 - 12) + (-4 + -7 - -10)?
-11
What is 4 - (